Let j be -4*1 + 5 + 19. Let a = 22 - j. Suppose a*q + 6 = 0, 0*q + q + 48 = v. What is the tens digit of v?
4
Suppose -33*g + 9126 = -15*g. What is the hundreds digit of g?
5
What is the tens digit of 4/((-28)/(-10059)) - 12/3?
3
Let d be (-8)/12*(-1395)/10. Let b = -46 + d. What is the tens digit of b?
4
Let v = 9 + -4. Suppose 2*i - 2*n - 8 = 0, 0 = i + n - v + 1. What is the units digit of (-20)/(-6)*6/i?
5
Suppose 2483 = 17*k - 4*k. What is the units digit of k?
1
Suppose 0 = -4*s + 4*h - 44, -4*s + 6*h - 49 = 3*h. What is the tens digit of (174/(-8))/(4/s)?
8
Let z be 2 + 6/4*(-4)/3. Suppose o + 4*v - 24 = z, -o + 23 = 3*v - 5. What is the tens digit of o?
4
Suppose 38103 = 53*f - 24119. What is the units digit of f?
4
Let d(v) = -693*v + 114. What is the hundreds digit of d(-4)?
8
Suppose 727 = 11*i - 2474. What is the hundreds digit of i?
2
Suppose -3*n + 291 = -2*a - 7055, -3*n = -a - 7342. What is the hundreds digit of n?
4
Let p(b) = 13*b**3 - 8*b**2 + 16*b - 25. What is the tens digit of p(4)?
4
What is the hundreds digit of (-1028)/3*(-30)/20?
5
Suppose 0 = 2*p - 3*c - 22, -2*p + c - 6*c = -6. Suppose -3*g = -p*g - 4*m + 1192, 5*m + 693 = 3*g. What is the units digit of g?
6
Suppose 1 - 9 = -2*i, 3*d + 2*i - 4283 = 0. What is the thousands digit of d?
1
Suppose -4*q - 39 = 125. Suppose -2*f = -3*f + 87. Let s = q + f. What is the units digit of s?
6
Let h be -2*(-885)/(-10) + -1. Let r = h + 479. What is the tens digit of r?
0
Let q(h) = -h**2 - 7*h - 5. Let t = 12 - 17. What is the units digit of q(t)?
5
Let i be 4/(-24) + (-302)/(-12). Suppose -4*c = -3*t - 2*t + 5, -4*c + i = t. Suppose t*o + 15 = 40, 4*o = -5*p + 185. What is the tens digit of p?
3
Suppose -3*w - 5*l + 352 = 0, 4*w - 471 = -6*l + l. What is the units digit of w?
9
Suppose -14*l = 8*l - 51766. What is the units digit of l?
3
Suppose -92 = -3*j + 2*z, 5*j - 9*j - 4*z = -156. Suppose h - j = -n, 5*n - 27 = -2*h + 26. What is the tens digit of h?
3
Let o be -3 - 0/(1 + -3). Let g(l) = -l + 3 + 4*l + l - l - l**3. What is the tens digit of g(o)?
2
Let n(l) = -3*l. Suppose 1 = -2*g + 7. Let f be n(g). What is the tens digit of (f/9)/(2/(-44))?
2
Let i(p) = p**3 + 29*p**2 - 46*p - 95. What is the tens digit of i(-30)?
8
Let i(q) be the second derivative of q**4/2 + q**3/2 + 15*q**2/2 + 23*q. What is the tens digit of i(-4)?
9
Suppose -3*q = -0*q - 699. Suppose -192 = -5*f + q. Suppose f + 59 = 4*z. What is the tens digit of z?
3
Let v(q) = -214*q + 31. What is the tens digit of v(-2)?
5
Suppose 4*h + 180 = 2*t + 1470, -1605 = -5*h - 5*t. What is the tens digit of h?
2
Let q(j) = 3*j - 12. Let t be q(-5). Let o = t - -84. What is the tens digit of o?
5
Let x(t) = t**2 + 32*t. What is the tens digit of x(-34)?
6
Let m be 0/(2*(-3)/(-6)). Suppose m = 5*r + 69 - 229. What is the units digit of r?
2
Let b be 1/(-2)*-330 - (1 + -1). Suppose -h = 3*m + 2*m - b, -m + h + 39 = 0. What is the tens digit of m?
3
Suppose -14*h = -5*h - 1593. What is the units digit of h?
7
Let o be 4/(((-2)/(-4))/1). What is the tens digit of (o/(-6) - 0)/(2/(-72))?
4
Let d(u) = 4*u + 77. Let l be (3/(-6) - 28/(-8)) + -3. What is the tens digit of d(l)?
7
Suppose 4*r + 44*r - 84288 = 0. What is the hundreds digit of r?
7
Let q be ((0/(-1))/2)/(-1). Suppose 2 = 2*u, -6*l + 4*u - 1 = -5*l. Suppose q = -2*t + 2*c - 0*c + 76, l*t - 120 = -3*c. What is the tens digit of t?
3
What is the units digit of 127 + (3 + 1)*-1 + 3?
6
Let o = -4415 + 7261. What is the thousands digit of o?
2
Suppose 22*u = 13*u + 486. What is the hundreds digit of 0 + 8814/u + (-4)/18?
1
Let m(p) = 2*p**2 - 13*p + 5. Let k be m(7). What is the hundreds digit of ((-429)/k)/((-1)/4)?
1
Suppose -6 + 12 = 3*t. Suppose -t*k = -5*u + 4, -2*u + 0*u + 10 = 2*k. Suppose 18 = u*o - 0. What is the units digit of o?
9
Let k be ((-22)/6 + 3)/((-2)/18). Let j(c) = -2*c**3 + 14*c**2 + 5*c - 13. What is the tens digit of j(k)?
8
Let d = 161 + -89. Let q = d - 9. What is the tens digit of q?
6
What is the tens digit of 75 - (0 - 2)/(-1)?
7
Let w(z) = 25*z - 6. Let b be w(4). Let g = -78 + b. What is the units digit of g?
6
Suppose 323 = 3*l - 124. Suppose -5*k + 131 = -l. What is the tens digit of k?
5
Suppose 240*m - 217*m = 104926. What is the hundreds digit of m?
5
What is the hundreds digit of (-5 - (-8435)/21) + 2/6?
3
Let x(h) = h**3 - 12*h**2 + 2*h + 6. Suppose 22*f - 36 = 19*f. What is the tens digit of x(f)?
3
Let d be (-621)/(-4) - 2*4/32. Suppose 4*z - 291 = -d. What is the tens digit of z?
3
Suppose -3*m + 7 = -2*m. Let t(u) = 2*u**2 - 8*u - 13. What is the units digit of t(m)?
9
Suppose -33 = 10*f + 47. What is the units digit of 290 - 0/(f/(-4))?
0
Let r(l) = l**3 + 3*l**2 - 2*l + 1. Let p be r(-4). Let j = 10 + p. What is the tens digit of 49*(j - (3 + -1))?
4
Let b be 0/(4/12*3). Let f(j) = -j**2 - 2*j + 23. What is the tens digit of f(b)?
2
Let q(u) = -45*u + 2. What is the tens digit of q(-2)?
9
Let i(k) = -5*k**2 - 6*k - 2. Suppose -2*o - 1 = 11. Let v be i(o). Let m = 222 + v. What is the units digit of m?
6
Let n(v) = -2*v - 3*v + 11*v**2 + 2 - 10*v**2. Let t be n(3). Let g = 44 - t. What is the tens digit of g?
4
Suppose 1709 = -5*a + 3*d, 2*d + 1255 - 222 = -3*a. What is the units digit of 1/(4 + a/86)?
6
Let t(h) = 77*h + 20. Let c(v) = -19*v - 5. Let j(o) = 9*c(o) + 2*t(o). What is the units digit of j(-3)?
6
Let g be (-14 - -18)*(-1)/(-4)*2. Suppose 2*a - 124 = -g*a. What is the tens digit of a?
3
Let s(b) be the second derivative of b**3 + 0 - 9/2*b**2 + b. What is the tens digit of s(5)?
2
Let h(d) = d**3 - 11*d**2 - d - 88. What is the units digit of h(13)?
7
Let w(g) = 30*g**2 - 2*g + 1. Let b = -37 + 39. What is the tens digit of w(b)?
1
Let t(j) = -11*j**3 - 2*j**2 - 6*j - 15. What is the hundreds digit of t(-4)?
6
Suppose -g + 6186 = 5*g. What is the tens digit of g?
3
Let c be -2*(0 + -149) + (-1)/1. Suppose c = 5*l + 2. What is the tens digit of l?
5
Let n(k) = 97*k**2 + 17*k + 31. What is the tens digit of n(-2)?
8
Let y = 180 - 128. Suppose -5*j + 38 = -4*k, -3*j = j + 4*k - y. Let v = j - -8. What is the tens digit of v?
1
Let i(t) = 6*t - 21. Let k be i(5). What is the units digit of (-12)/k*1/(12/(-27))?
3
Let b(d) = 2*d**2 + 22*d + 33. Let q be b(-14). Let o = q - 9. What is the hundreds digit of o?
1
Let h(n) = -9*n**2 + n + 3. Let z be h(3). Let r = z + 47. Let k = r - -40. What is the units digit of k?
2
What is the units digit of (-2)/7 + -4 + (-30610)/(-70)?
3
Suppose 7*g - 5*g - 3*p - 833 = 0, -g + p + 419 = 0. What is the units digit of g?
4
Let a(t) = 5 - 16 + 21*t - 30*t. What is the tens digit of a(-16)?
3
Suppose 2*v = 4*m - 358, -87 = -m + 7*v - 4*v. What is the tens digit of m?
9
Let m = 2222 - 325. What is the hundreds digit of m?
8
Let s = 218 - 153. Suppose 0 = 3*x - s + 11. What is the tens digit of x?
1
Suppose 61 = 5*w - 2*d, 0 = -2*w + 3*w + 4*d - 21. Suppose -8*c = -w*c + 25. Let s = -3 + c. What is the units digit of s?
2
Suppose 1 = -4*a + 5. Let y be (a/(-2))/(7/(-168)). Suppose 4*x + y = 0, -r + 23 = -5*x - 39. What is the units digit of r?
7
Let w(f) = -1. Let c(r) = r + 18. Let h(z) = c(z) + 3*w(z). What is the units digit of h(0)?
5
Suppose -12 = y + 19. What is the tens digit of (-24)/(-6) - (1 + y)?
3
What is the tens digit of (-9516)/(-28) + -1 + (-4)/(-28)?
3
Suppose -719*w = -718*w - 50. What is the units digit of w?
0
Suppose -17 = -2*m - 7. Suppose -347 - 313 = -m*b. What is the hundreds digit of b?
1
Let k(s) = 4*s**2 - s**3 + 12*s**2 + s + 45 + 3*s**2 - 18*s**2. What is the tens digit of k(0)?
4
Let a = 1012 + 73. What is the thousands digit of a?
1
What is the tens digit of (63/42)/((-9)/(-3522))?
8
Let j(u) = 33*u**2 + 22*u + 18. What is the thousands digit of j(-10)?
3
Let p(f) = -2*f**3 + 7*f**2 - 2*f + 1. Let o(k) = k**3 - k**2 - k. Let v(t) = 3*o(t) + p(t). What is the hundreds digit of v(5)?
2
Let a = 0 + 17. Let x = 28 + a. Suppose 5*w - x = -z, -5*z = -5*w - 3*z + 60. What is the tens digit of w?
1
Let f be (-895)/25 - 2/10. Let k = -14 - f. What is the tens digit of k?
2
Let h(q) be the second derivative of -q**3/3 + 27*q**2/2 - 15*q. What is the units digit of h(-6)?
9
Suppose -h + 0*h + 37 = 0. Suppose c - 66 - h = 0. Suppose 0 = -2*w - 5*q + 73, w + 